{"id":622,"date":"2026-03-28T15:57:34","date_gmt":"2026-03-28T14:57:34","guid":{"rendered":"https:\/\/menschenfuermarktrodach.de\/?page_id=622"},"modified":"2026-03-28T16:11:47","modified_gmt":"2026-03-28T15:11:47","slug":"2020-2","status":"publish","type":"page","link":"https:\/\/menschenfuermarktrodach.de\/?page_id=622","title":{"rendered":"R\u00fcckblick 2020"},"content":{"rendered":"\n<p><strong>\u00dcberw\u00e4ltigendes Ergebnis bei der Kommunalwahl am 15.03.2020<\/strong><\/p>\n\n\n\n<p>Liebe W\u00e4hlerinnen und W\u00e4hler aus Marktrodach,<\/p>\n\n\n\n<p class=\"has-medium-font-size\">wir als W\u00e4hlergemeinschaft &#8222;Menschen f\u00fcr Marktrodach&#8220; sagen von ganzem Herzen DANKE f\u00fcr das \u00fcberw\u00e4ltigende Ergebnis bei der Gemeinderatswahl am Sonntag, den 15. M\u00e4rz. Unser Wahlvorschlag hat insgesamt 7146 Stimmen erhalten, wodurch wir uns im zuk\u00fcnftigen Gemeinderat 3 von 16 Sitzen sichern konnten.<\/p>\n\n\n\n<figure class=\"wp-block-image size-large\"><img loading=\"lazy\" decoding=\"async\" width=\"1024\" height=\"1024\" src=\"http:\/\/menschenfuermarktrodach.de\/wp-content\/uploads\/2023\/11\/Foto-16.03.20-08-51-04-1024x1024.jpg\" alt=\"\" class=\"wp-image-44\" srcset=\"https:\/\/menschenfuermarktrodach.de\/wp-content\/uploads\/2023\/11\/Foto-16.03.20-08-51-04-1024x1024.jpg 1024w, https:\/\/menschenfuermarktrodach.de\/wp-content\/uploads\/2023\/11\/Foto-16.03.20-08-51-04-300x300.jpg 300w, https:\/\/menschenfuermarktrodach.de\/wp-content\/uploads\/2023\/11\/Foto-16.03.20-08-51-04-150x150.jpg 150w, https:\/\/menschenfuermarktrodach.de\/wp-content\/uploads\/2023\/11\/Foto-16.03.20-08-51-04-768x768.jpg 768w, https:\/\/menschenfuermarktrodach.de\/wp-content\/uploads\/2023\/11\/Foto-16.03.20-08-51-04-1536x1536.jpg 1536w, https:\/\/menschenfuermarktrodach.de\/wp-content\/uploads\/2023\/11\/Foto-16.03.20-08-51-04.jpg 2048w\" sizes=\"auto, (max-width: 1024px) 100vw, 1024px\" \/><\/figure>\n\n\n\n<p>Diesen Vertrauensvorschuss werden unsere gew\u00e4hlten Gemeinder\u00e4t in den n\u00e4chsten sechs Jahren gewissenhaft und verantwortungsvoll nutzen, um an der Umsetzung unserer Ziele und Visionen zu arbeiten.<\/p>\n\n\n\n<p><strong>Die Stimmen verteilten sich wie folgt:<\/strong><\/p>\n\n\n\n<figure class=\"wp-block-image size-full\"><img loading=\"lazy\" decoding=\"async\" width=\"966\" height=\"966\" src=\"http:\/\/menschenfuermarktrodach.de\/wp-content\/uploads\/2023\/11\/Foto-18.03.20-21-12-08.jpg\" alt=\"\" class=\"wp-image-43\" srcset=\"https:\/\/menschenfuermarktrodach.de\/wp-content\/uploads\/2023\/11\/Foto-18.03.20-21-12-08.jpg 966w, https:\/\/menschenfuermarktrodach.de\/wp-content\/uploads\/2023\/11\/Foto-18.03.20-21-12-08-300x300.jpg 300w, https:\/\/menschenfuermarktrodach.de\/wp-content\/uploads\/2023\/11\/Foto-18.03.20-21-12-08-150x150.jpg 150w, https:\/\/menschenfuermarktrodach.de\/wp-content\/uploads\/2023\/11\/Foto-18.03.20-21-12-08-768x768.jpg 768w\" sizes=\"auto, (max-width: 966px) 100vw, 966px\" \/><\/figure>\n\n\n\n<p>Au\u00dferdem freuen wir uns sehr, dass unser amtierender B\u00fcrgermeister Norbert Gr\u00e4bner bei der Wahl ebenfalls ein fantastisches Ergebnis erzielen konnte und mit 74,88 % im Amt best\u00e4togt wurde. Er wird die Marktgemeinde weitere sechs Jahre anf\u00fchren, weshalb er unsere Kandidatin Katja Wich gebeten hat, dem Markt Marktrodach weiterhin als Gesch\u00e4ftsleiterin und im bauamt zur Verf\u00fcgung zu stehen.<\/p>\n\n\n\n<p>W\u00e4hrend des gesamten Wahlkampfes hat Katja Wich immer wieder betont, dass sie bei einer Wiederwahl von Norbert Gr\u00e4bner weiterhin im Marktrodacher Rathaus t\u00e4tig sein m\u00f6chte, um ihre Arbeitskraft tagt\u00e4glich in den Dienst unseres sch\u00f6nen Ortes und seiner Menschen zu stellen. Deshalb hat sie sich dazu entschieden, das Mandat abzulehnen, nachdem dieses nach der Bayerischen Gemeindeordnung mit einer F\u00fchrungposition im Rathaus unvereinbar ist.<\/p>\n\n\n\n<p>Durch den Verzicht r\u00fcckt die Person mit den viertmeisten Stimmen in den Gemeinderat nach. Die Stimmen f\u00fcr Katja Wich sind also keineswegs verloren, sondern haben dazu beigetragen, dass die W\u00e4hlergemeinschaft mit 3 Kandidaten in den Gemeinderat einzieht.<\/p>\n\n\n\n<p>Die neuen Gemeinder\u00e4te Sebastian B\u00f6hm, Marco Mai und Roland Pompe bedanken sich ganz herzlich f\u00fcr Ihr Vertrauen und Ihre Stimmen und freuen sich darauf, Sie in den kommenden sechs Jahren im Marktgemeinderat vertreten zu d\u00fcrfen.<\/p>\n\n\n\n<p>Mit der diesj\u00e4hrigen Kommunalwahl endet keine Geschichte, sondern eine neue beginnt. Die gesamte W\u00e4hlergemeinschaft will sich auch au\u00dferhalb des Gemeinderats f\u00fcr Marktrodach einsetzen, weshalb wir bald einen Verein gr\u00fcnden werden. Hier\u00fcber werden wir Sie zu gegebener Zeit informieren.<\/p>\n\n\n\n<p>Bis dahin, bleiben Sie gesund und passen Sie auf sich auf!<\/p>\n\n\n\n<p><strong>Riesiger Erl\u00f6s beim ANGRILLEN f\u00fcr den Guten Zweck<\/strong><\/p>\n\n\n\n<p>Wir werden uns im Gemeinderat daf\u00fcr einsetzen, dass die Spielpl\u00e4tze in allen Ortsteilen erneuert werden. Uns ist aber wichtig, auch zu handeln und nicht nur zu reden. Deshalb haben wir den Gemeinderatsbeschluss vom 10.02.2020 zur Erneuerung des Spielplatzes in Oberrodach aufgegriffen und Spenden hierf\u00fcr gesammelt.<\/p>\n\n\n\n<p>Am 04.03.2020 haben wir am Sportheim des FC Unter-\/Oberrodach angegrillt mit 500 Bratw\u00fcrste und 250 Semmeln, die allesamt gesponsort wurden. Die \u00fcber 100 G\u00e4ste haben uns komplett \u00fcberw\u00e4ltigt und noch mehr die riesige Spendensumme: <strong><em>1600\u20ac<\/em><\/strong><\/p>\n\n\n\n<p>Vielen Dank f\u00fcr die Unterst\u00fctzung unserer Aktion und die gro\u00dfz\u00fcgigen Spenden!<\/p>\n\n\n\n<p>Ein besonderer Dank geht auch an die beiden Einzelspenden \u00fcber 100 und 250\u20ac!<\/p>\n\n\n\n<p>Bei unserem letzten Infoabend im Gasthaus Kaufmann in Seibelsdorf konnten wir die Spenden gleich Julia K\u00f6stner von der Elterninitiative f\u00fcr die Erneuerung des Spielplatzes und unserem Ersten B\u00fcrgermeister Norbert Gr\u00e4bner \u00fcberreichen. (siehe Bild)<\/p>\n\n\n\n<figure class=\"wp-block-image\"><img loading=\"lazy\" decoding=\"async\" width=\"1024\" height=\"768\" src=\"http:\/\/menschenfuermarktrodach.de\/wp-content\/uploads\/2023\/11\/1-1024x768.jpg\" alt=\"\" class=\"wp-image-45\" srcset=\"https:\/\/menschenfuermarktrodach.de\/wp-content\/uploads\/2023\/11\/1-1024x768.jpg 1024w, https:\/\/menschenfuermarktrodach.de\/wp-content\/uploads\/2023\/11\/1-300x225.jpg 300w, https:\/\/menschenfuermarktrodach.de\/wp-content\/uploads\/2023\/11\/1-768x576.jpg 768w, https:\/\/menschenfuermarktrodach.de\/wp-content\/uploads\/2023\/11\/1-1536x1152.jpg 1536w, https:\/\/menschenfuermarktrodach.de\/wp-content\/uploads\/2023\/11\/1-2048x1536.jpg 2048w\" sizes=\"auto, (max-width: 1024px) 100vw, 1024px\" \/><\/figure>\n\n\n\n<hr class=\"wp-block-separator has-alpha-channel-opacity\"\/>\n\n\n\n<p><strong>\u00dcber 200 Unterschriften auf der Unterst\u00fctzungsliste \u2013 Wir sagen DANKE!<\/strong><\/p>\n\n\n\n<p>Bis zum 03.02.2020 um 12 Uhr lag im Rathaus die Unterst\u00fctzungsliste f\u00fcr den Wahlvorschlag der W\u00e4hlergemeinschaft \u201eMenschen f\u00fcr Marktrodach\u201c aus.<\/p>\n\n\n\n<p>Um zur Gemeinderatswahl am 15. M\u00e4rz 2020 zugelassen zu werden, ben\u00f6tigten wir mindestens 80 Unterschriften von wahlberechtigten B\u00fcrgerinnen und B\u00fcrgern Marktrodachs. Tats\u00e4chlich haben wir aber \u00fcber 200 Unterschriften erhalten. Diese wurden nun vom Wahlausschuss auf G\u00fcltigkeit gepr\u00fcft und der Wahlvorschlag wurde offiziell zugelassen.<\/p>\n\n\n\n<p>Ihr findet uns unter Wahlvorschlag Nr. 9 auf eurem Stimmzettel.<\/p>\n\n\n\n<p>\u00dcber jede einzelne Unterschrift freuen wir uns riesig und m\u00f6chten allen von Herzen danken, die extra ins Rathaus gegangen sind, um uns zu unterst\u00fctzen! Einen solchen Schritt zu gehen ist f\u00fcr uns nicht selbstverst\u00e4ndlich und verdient Respekt, denn er zeugt von Interesse und Engagement f\u00fcr die Marktgemeinde. Das deutliche Ergebnis gibt uns R\u00fcckenwind f\u00fcr die anstehende Wahl und best\u00e4rkt uns in unserer Entscheidung, f\u00fcr den Gemeinderat zu kandidieren.<\/p>\n","protected":false},"excerpt":{"rendered":"<p>\u00dcberw\u00e4ltigendes Ergebnis bei der Kommunalwahl am 15.03.2020 Liebe W\u00e4hlerinnen und W\u00e4hler aus Marktrodach, wir als W\u00e4hlergemeinschaft &#8222;Menschen f\u00fcr Marktrodach&#8220; sagen von ganzem Herzen DANKE f\u00fcr das \u00fcberw\u00e4ltigende Ergebnis bei der Gemeinderatswahl am Sonntag, den 15. M\u00e4rz. Unser Wahlvorschlag hat insgesamt 7146 Stimmen erhalten, wodurch wir uns im zuk\u00fcnftigen Gemeinderat 3 von 16 Sitzen sichern konnten. [&hellip;]<\/p>\n","protected":false},"author":1,"featured_media":0,"parent":0,"menu_order":0,"comment_status":"closed","ping_status":"closed","template":"","meta":{"_kadence_starter_templates_imported_post":false,"footnotes":""},"class_list":["post-622","page","type-page","status-publish","hentry"],"_links":{"self":[{"href":"https:\/\/menschenfuermarktrodach.de\/index.php?rest_route=\/wp\/v2\/pages\/622","targetHints":{"allow":["GET"]}}],"collection":[{"href":"https:\/\/menschenfuermarktrodach.de\/index.php?rest_route=\/wp\/v2\/pages"}],"about":[{"href":"https:\/\/menschenfuermarktrodach.de\/index.php?rest_route=\/wp\/v2\/types\/page"}],"author":[{"embeddable":true,"href":"https:\/\/menschenfuermarktrodach.de\/index.php?rest_route=\/wp\/v2\/users\/1"}],"replies":[{"embeddable":true,"href":"https:\/\/menschenfuermarktrodach.de\/index.php?rest_route=%2Fwp%2Fv2%2Fcomments&post=622"}],"version-history":[{"count":3,"href":"https:\/\/menschenfuermarktrodach.de\/index.php?rest_route=\/wp\/v2\/pages\/622\/revisions"}],"predecessor-version":[{"id":631,"href":"https:\/\/menschenfuermarktrodach.de\/index.php?rest_route=\/wp\/v2\/pages\/622\/revisions\/631"}],"wp:attachment":[{"href":"https:\/\/menschenfuermarktrodach.de\/index.php?rest_route=%2Fwp%2Fv2%2Fmedia&parent=622"}],"curies":[{"name":"wp","href":"https:\/\/api.w.org\/{rel}","templated":true}]}}